{"id":337,"date":"2020-09-11T10:57:55","date_gmt":"2020-09-11T10:57:55","guid":{"rendered":"http:\/\/donegalfiddlemusic.ie\/donegalfiddlers\/?page_id=337"},"modified":"2020-12-14T13:23:33","modified_gmt":"2020-12-14T13:23:33","slug":"music-style","status":"publish","type":"page","link":"https:\/\/donegalfiddlemusic.ie\/donegalfiddlers\/music-style\/","title":{"rendered":"Music &#038; Style"},"content":{"rendered":"<p>[et_pb_section fb_built=&#8221;1&#8243; admin_label=&#8221;Feature Section 01&#8243; _builder_version=&#8221;4.6.1&#8243; background_enable_color=&#8221;off&#8221; custom_margin=&#8221;-60px||||false|false&#8221; custom_padding=&#8221;0px||0px|&#8221; box_shadow_style=&#8221;preset7&#8243; box_shadow_horizontal=&#8221;0px&#8221; box_shadow_vertical=&#8221;100px&#8221; box_shadow_color=&#8221;#ffffff&#8221; global_module=&#8221;397&#8243;][et_pb_row column_structure=&#8221;1_2,1_2&#8243; use_custom_gutter=&#8221;on&#8221; gutter_width=&#8221;1&#8243; admin_label=&#8221;Feature Area&#8221; module_class=&#8221; et_pb_row_fullwidth&#8221; _builder_version=&#8221;4.6.1&#8243; background_color=&#8221;#8f8f8f&#8221; width=&#8221;100%&#8221; width_tablet=&#8221;100%&#8221; width_phone=&#8221;&#8221; width_last_edited=&#8221;on|desktop&#8221; max_width=&#8221;100%&#8221; max_width_tablet=&#8221;100%&#8221; max_width_phone=&#8221;&#8221; max_width_last_edited=&#8221;on|desktop&#8221; custom_margin=&#8221;|||&#8221; custom_padding=&#8221;0px||0px|||&#8221; make_fullwidth=&#8221;on&#8221;][et_pb_column type=&#8221;1_2&#8243; _builder_version=&#8221;4.6.1&#8243; custom_padding=&#8221;200px|6%||6%|false|false&#8221; custom_padding__hover=&#8221;|||&#8221;][et_pb_text content_tablet=&#8221;<\/p>\n<h2>Jim Doherty (1939 \u2013 2012)<\/h2>\n<p>&#8221; content_phone=&#8221;<\/p>\n<h2>Jim Doherty (1939 \u2013 2012)<\/h2>\n<p>&#8221; content_last_edited=&#8221;on|phone&#8221; admin_label=&#8221;Title&#8221; _builder_version=&#8221;4.6.1&#8243; text_font=&#8221;Montserrat||||||||&#8221; text_text_color=&#8221;#747d88&#8243; text_font_size=&#8221;16px&#8221; text_line_height=&#8221;1.9em&#8221; header_font=&#8221;||||||||&#8221; header_text_align=&#8221;left&#8221; header_2_font=&#8221;Montserrat|700||on|||||&#8221; header_2_font_size=&#8221;27px&#8221; header_2_line_height=&#8221;1.3em&#8221; background_layout=&#8221;dark&#8221; max_width=&#8221;700px&#8221; module_alignment=&#8221;left&#8221; min_height=&#8221;85px&#8221; custom_margin=&#8221;-60px||45px||false|false&#8221; animation_style=&#8221;slide&#8221; animation_direction=&#8221;bottom&#8221; animation_intensity_slide=&#8221;4%&#8221; locked=&#8221;off&#8221;]<\/p>\n<h2>Jim Doherty (1939 \u2013 2012)<\/h2>\n<p>[\/et_pb_text][et_pb_blurb icon_placement=&#8221;left&#8221; _builder_version=&#8221;4.6.1&#8243; _module_preset=&#8221;default&#8221; body_font=&#8221;Montserrat||||||||&#8221; body_font_size=&#8221;22px&#8221; body_line_height=&#8221;1.8em&#8221; body_quote_border_color=&#8221;#ffffff&#8221; background_layout=&#8221;dark&#8221; custom_margin=&#8221;||76px||false|false&#8221;]<\/p>\n<blockquote>\n<p><i><span>\u201c The\u00a0music around here went from generation to generation. I got it from my father and he got it from the likes of the old fiddlers before him.\u201d <\/span><\/i>\u2013 Jim Doherty<\/p>\n<\/blockquote>\n<p>[\/et_pb_blurb][\/et_pb_column][et_pb_column type=&#8221;1_2&#8243; _builder_version=&#8221;3.25&#8243; custom_padding=&#8221;0px|||&#8221; custom_padding__hover=&#8221;|||&#8221;][et_pb_image src=&#8221;https:\/\/donegalfiddlemusic.ie\/donegalfiddlers\/wp-content\/uploads\/2020\/09\/Jim-Doherty-Photo.jpg&#8221; title_text=&#8221;Jim Doherty Photo&#8221; align=&#8221;right&#8221; align_tablet=&#8221;center&#8221; align_phone=&#8221;&#8221; align_last_edited=&#8221;on|desktop&#8221; _builder_version=&#8221;4.6.1&#8243; module_alignment=&#8221;right&#8221; custom_margin=&#8221;|||&#8221; custom_padding=&#8221;|||&#8221; animation_style=&#8221;slide&#8221; animation_direction=&#8221;bottom&#8221; animation_intensity_slide=&#8221;6%&#8221; animation_starting_opacity=&#8221;100%&#8221;][\/et_pb_image][\/et_pb_column][\/et_pb_row][\/et_pb_section][et_pb_section fb_built=&#8221;1&#8243; admin_label=&#8221;Projects Section&#8221; _builder_version=&#8221;3.22&#8243; custom_margin=&#8221;|||&#8221; custom_padding=&#8221;0px||110px|||&#8221;][et_pb_row admin_label=&#8221;Project 01&#8243; _builder_version=&#8221;3.25&#8243; background_size=&#8221;initial&#8221; background_position=&#8221;top_left&#8221; background_repeat=&#8221;repeat&#8221; custom_padding=&#8221;|||&#8221;][et_pb_column type=&#8221;4_4&#8243; _builder_version=&#8221;3.25&#8243; custom_padding=&#8221;5%||5%|&#8221; custom_padding__hover=&#8221;|||&#8221;][et_pb_text admin_label=&#8221;Number&#8221; _builder_version=&#8221;4.6.1&#8243; text_font=&#8221;Montserrat|on|||&#8221; text_text_color=&#8221;#fcd21d&#8221; text_font_size=&#8221;60px&#8221; text_line_height=&#8221;1em&#8221; background_size=&#8221;initial&#8221; background_position=&#8221;top_left&#8221; background_repeat=&#8221;repeat&#8221; animation_style=&#8221;slide&#8221; animation_direction=&#8221;bottom&#8221; animation_intensity_slide=&#8221;20%&#8221;]<\/p>\n<p>Music &amp; Style<\/p>\n<p>[\/et_pb_text][et_pb_cta title=&#8221;Jim Doherty&#8217;s Music&#8221; button_url=&#8221;#&#8221; _builder_version=&#8221;4.6.1&#8243; header_font=&#8221;Montserrat|700|||||||&#8221; header_text_color=&#8221;#353740&#8243; header_line_height=&#8221;1.5em&#8221; body_font=&#8221;Montserrat||||||||&#8221; body_text_color=&#8221;#747d88&#8243; body_font_size=&#8221;18px&#8221; body_line_height=&#8221;1.8em&#8221; use_background_color=&#8221;off&#8221; background_size=&#8221;initial&#8221; background_position=&#8221;top_left&#8221; background_repeat=&#8221;repeat&#8221; custom_button=&#8221;on&#8221; button_text_color=&#8221;#747d88&#8243; button_border_width=&#8221;4px&#8221; button_border_color=&#8221;#747d88&#8243; button_border_radius=&#8221;100px&#8221; button_letter_spacing=&#8221;2px&#8221; button_font=&#8221;Montserrat|700||on|||||&#8221; button_icon=&#8221;%%36%%&#8221; button_icon_color=&#8221;#747d88&#8243; text_orientation=&#8221;left&#8221; background_layout=&#8221;light&#8221; animation_style=&#8221;slide&#8221; animation_direction=&#8221;top&#8221; animation_intensity_slide=&#8221;6%&#8221; button_bg_color_hover=&#8221;rgba(0,0,0,0)&#8221; button_text_size__hover_enabled=&#8221;off&#8221; button_one_text_size__hover_enabled=&#8221;off&#8221; button_two_text_size__hover_enabled=&#8221;off&#8221; button_text_color__hover_enabled=&#8221;off&#8221; button_one_text_color__hover_enabled=&#8221;off&#8221; button_two_text_color__hover_enabled=&#8221;off&#8221; button_border_width__hover_enabled=&#8221;off&#8221; button_one_border_width__hover_enabled=&#8221;off&#8221; button_two_border_width__hover_enabled=&#8221;off&#8221; button_border_color__hover_enabled=&#8221;off&#8221; button_one_border_color__hover_enabled=&#8221;off&#8221; button_two_border_color__hover_enabled=&#8221;off&#8221; button_border_radius__hover_enabled=&#8221;off&#8221; button_one_border_radius__hover_enabled=&#8221;off&#8221; button_two_border_radius__hover_enabled=&#8221;off&#8221; button_letter_spacing__hover_enabled=&#8221;off&#8221; button_one_letter_spacing__hover_enabled=&#8221;off&#8221; button_two_letter_spacing__hover_enabled=&#8221;off&#8221; button_bg_color__hover_enabled=&#8221;on&#8221; button_bg_color__hover=&#8221;rgba(0,0,0,0)&#8221; button_one_bg_color__hover_enabled=&#8221;off&#8221; button_two_bg_color__hover_enabled=&#8221;off&#8221;]<\/p>\n<p>\u00a0 Naturally, a good deal of Jim\u2019s repertoire and style would have been derived from his father, Neil and probably to some degree an inheritance from that of Robert Sproule and Matthew Buchanan. Some of the tunes such as <em>The Woodpecker\u00a0<\/em>survived to the present day only through his playing. Others show a strong connection with the much older players of his wider area of north Donegal as captured in the 1904 collection <em>Songs of Uladh\u00a0<\/em>by Padraig Mac Aodh O\u2019Neill such as in Jim\u2019s version of <em>The Humours of Baile na Fead<\/em>. As a fiddler raised very much in the Donegal tradition, his repertoire contains a good element of tunes derived from the strongly related Scottish tradition such as his highlands which originated as Scottish strathspeys. Not surprisingly his repertoire of highlands show many in common with other areas of Donegal, but again, subtle differences in the melodies reveal his local versions of the tunes. It is the same with Jim\u2019s germans (or barndances) where there are also a number which have been known only from his playing. A number of tunes which most likely began life as the airs for songs have been transformed through the work of Donegal fiddlers to serve as dance tunes. Examples of these in Jim\u2019s repertoire are <em>The Peeler and the Goat<\/em>\/ <em>An Gadhar Bh\u00e1n\u00a0<\/em>and <em>Finnegan\u2019s Wake<\/em>. Through his participation in sessions he also picked up other elements of his repertoire while tunes sourced from commercial recordings appear, such as Se\u00e1n Ryan\u2019s compositions <em>The Dooney Rock\u00a0<\/em>jig and <em>The Ballyoran Hornpipe<\/em>, they are not abundant.<\/p>\n<p>\u00a0Jim made a number of recordings in his later years. Some were done at home for his own pleasure, a few were recorded by Cairdeas na bhFidl\u00e9ir\u00ed during the annual Donegal Fiddlers\u2019 Summer School in<span>\u00a0 <\/span>Gleann Cholm Cille and others were made as part of an interview on his life and music by Caoimh\u00edn Mac Aoidh. These are the recordings which permit us to hear not only the rare tunes and versions of more familiar ones like Jim\u2019s wonderful setting of <em>Within a Mile of Dublin\u00a0<\/em>which tempts echoes of the great Tommie Potts, but also provides the experience of what a house dance fiddler would sound like. The titles of the tunes are those<span>\u00a0<\/span>used himself. Where he did not have a name for the tune and there is a common title used by the fiddling community in Donegal, that title is used. Where Jim did not have a title and there is either none or a commonly used title in Donegal the tune is listed as a <em>Gan Ainm\u00a0<\/em>(without title) as is the custom. Where titles appear in the Irish language and a spelling is somehow different from either modern Irish or current accepted spellings, these are listed in their original form. This is the case with both tune titles and personal names given by Padraig Mac Aodh O\u2019Neill in <em>Songs of Uladh<\/em>.<\/p>\n<p>&nbsp;<\/p>\n<h2>Observations on Jim\u2019s Playing Style<\/h2>\n<p>Naturally, house dance players were mainly required to play for dancers and not only a listening audience. As a result, with many house dance players of Jim\u2019s generation and earlier, there was little use of melodic variation. Once he was satisfied he had the correct version of the melody, it was played repeatedly in that setting. This is confirmed by the fact that recordings, sometimes made years apart show virtual note for note playing.<\/p>\n<p>A tempo and rhythm suitable for dancing was of the greatest importance in playing a tune. These recordings of Jim show that his idea of a melody was clear and that it was repeated throughout. It is interesting to note that recordings of the same tune made over long periods of time are played at very similar tempos.<\/p>\n<p>Playing double stops on the accented notes is very rare in Jim\u2019s music. Of the few examples of this in these recordings these fall on a fingered note and an adjacent open string and are convenient. Likewise, sustained double stopping, or \u2018droning\u2019 as well as playing a melody in different octaves or \u2018reversing\u2019 were absent in Jim\u2019s playing though they were core elements of the fiddlers from other areas in County Donegal such as in the southwest of the county and the Croaghs.<\/p>\n<p>The liberal use of ornamentation is a common feature of playing performance today. Jim\u2019s playing made little use of ornamentation other than to influence the pulse of his music. While he could play rolls, he very rarely did and they are entirely absent in these tracks. Jim\u2019s approach to crotchets which would otherwise invite the use of rolls was to simply play a crotchet, fill in the melodic sequence or alternatively play a triplet. Good examples of this approach can be seen in his playing of the two Se\u00e1n Ryan compositions, <em>Dooney Rock\u00a0<\/em>and <em>The Ballyoran Hornpipe\u00a0<\/em>where in the former, he fills in crotchets with an appropriate sequence of notes while in the latter, rolls are substituted with triplets.<\/p>\n<p>Jim used both types of grace notes or \u2018cuts\u2019. The first as seen before the third F# note in measure one of part two of <em>German Gan Ainm\u00a0<\/em>track 5B separating two adjacent notes of the same pitch and accenting the second, or stressed note, of the two. The second type of cut is used to emphasise a stand-alone note falling on the beat as seen in the F# crotchet in the same. As noted above in the section on Transcriptions, this is written with two grace notes, the stressed note which is sounded for a fraction of a second followed by the upper \u2018cutting\u2019 or grace note with the main note then sounded. Jim\u2019s use of cuts is not surprising as they are effective ornaments in establishing a pulse.<\/p>\n<p>Jim uses three types of triplets. The first is a standard three note sequence of evenly timed notes which are written as a group of three notes with the number \u20183\u2019 appearing above the group. These had a sound which reflects triplets employed in Scottish rhythms. Not surprisingly an example can be found in the last measure of the first part of <em>Louden\u2019s Bonnie Woods<\/em>. Two other types of triplets played by Jim appear as a group of two semiquavers finished with a quaver. Jim plays these both with a slurred bow giving a legato sound, which is his preferred of the two, and secondly with detach\u00e9 bowing giving a crisper sound. Traditional Irish musicians have a marked preference for these type triplets as opposed to the former. It is somewhat surprising to find Jim\u2019s strong preference for slurred triplets of this nature as most Donegal fiddlers showed a preference for the detach\u00e9 form. Jim\u2019s choice may have been based on the need to provide a more flowing, and thus \u2018danceable\u2019, setting.<\/p>\n<p>One of the standout tunes in Jim\u2019s repertoire here is his playing of the reel, <em>My Love is in America<\/em>. It begs comparison with Tommie Potts\u2019 hallmark version of the tune. Jim confirmed he had never heard a note of Tommie\u2019s playing so Potts was clearly not his source for his version. It is often stated that \u2018there are no <em>crooked\u00a0<\/em>[tunes with otherwise additional measures or parts of measures] in Irish music\u2019. This is not the case. Con Cassidy played <em>Within a Mile of Dublin\u00a0<\/em>in a crooked setting. John Doherty played at least five tunes in crooked settings. Paddy Glackin\u2019s version of one of the three jigs entitled <em>R\u00ed na bP\u00edobair\u00ed\u00a0<\/em>as well as his version of <em>Cherish the Ladies\u00a0<\/em>is crooked. Jim\u2019s version of <em>My Love is in America\u00a0<\/em>requires a change to 5\/4 timing at measure four of the second part of the tune to accommodate an extra two quavers which introduce the subsequent measure. This, along with the key changes between the two contrasting parts of the tune, provides a stunning setting of an otherwise common reel.<\/p>\n<p>Jim\u2019s bowing for the most part is detach\u00e9 with occasional slurred pairs contributing to the flow of the tune. Bowing marks indicate Jim\u2019s general bowing. While they are indicative of his overall approach to bowing, each tune would have been seen him vary the use of the bow somewhat. His jig playing exhibits slurred bowing through groups of three quavers to break the detach\u00e9 sound and a good example of this can be seen in his playing of <em>Miss Casey<\/em>. It is not surprising given the strong cross-fertilisation between traditional musicians in the northern counties of Ireland and Scotland that aspects of Scottish fiddle playing would be reflected in Jim\u2019s music. Certain tunes with strong Scottish connections are delivered with what is known as the Scot\u2019s Snap, a quintessential rhythmic device, should appear at times in his bowing. These occur mainly in his playing of highlands, strathspeys and germans.<\/p>\n<p><span style=\"font-size: 18px;\">This uncomplicated approach to playing may appear to produce a simplistic style of performance. What is marvellous about Jim Doherty\u2019s music is the tunes are played in settings where the melodic line is truthful, devoid of unnecessary technical elements, a firm tempo and invested with an infectious rhythm learned in a social environment now effectively lost.<\/span><\/p>\n<p>[\/et_pb_cta][\/et_pb_column][\/et_pb_row][\/et_pb_section][et_pb_section fb_built=&#8221;1&#8243; admin_label=&#8221;Contact Form Section&#8221; _builder_version=&#8221;3.22&#8243; background_color=&#8221;#fcd21d&#8221; custom_padding=&#8221;110px||110px|&#8221; animation_style=&#8221;zoom&#8221; animation_direction=&#8221;bottom&#8221; animation_intensity_zoom=&#8221;10%&#8221; global_module=&#8221;411&#8243; saved_tabs=&#8221;all&#8221;][et_pb_row admin_label=&#8221;Service Section Title&#8221; _builder_version=&#8221;3.25&#8243; custom_margin=&#8221;||40px|&#8221; animation_style=&#8221;fade&#8221; animation_direction=&#8221;top&#8221; locked=&#8221;off&#8221;][et_pb_column type=&#8221;4_4&#8243; _builder_version=&#8221;3.25&#8243; custom_padding=&#8221;|||&#8221; custom_padding__hover=&#8221;|||&#8221;][et_pb_text admin_label=&#8221;Title&#8221; _builder_version=&#8221;4.6.1&#8243; text_font=&#8221;Montserrat||||||||&#8221; text_text_color=&#8221;#747d88&#8243; text_font_size=&#8221;16px&#8221; text_line_height=&#8221;1.9em&#8221; header_font=&#8221;||||||||&#8221; header_2_font=&#8221;Montserrat|700||on|||||&#8221; header_2_font_size=&#8221;42px&#8221; header_2_line_height=&#8221;1.3em&#8221; background_size=&#8221;initial&#8221; background_position=&#8221;top_left&#8221; background_repeat=&#8221;repeat&#8221; text_orientation=&#8221;center&#8221; max_width=&#8221;700px&#8221; module_alignment=&#8221;center&#8221; animation_style=&#8221;slide&#8221; animation_direction=&#8221;bottom&#8221; animation_intensity_slide=&#8221;4%&#8221;]<\/p>\n<h2><strong>Bu\u00edochas<\/strong><\/h2>\n<p>[\/et_pb_text][et_pb_text admin_label=&#8221;Subtitle&#8221; _builder_version=&#8221;4.6.1&#8243; text_font=&#8221;Montserrat||||&#8221; text_text_color=&#8221;#353740&#8243; text_font_size=&#8221;16px&#8221; text_line_height=&#8221;1.8em&#8221; header_font=&#8221;||||||||&#8221; background_size=&#8221;initial&#8221; background_position=&#8221;top_left&#8221; background_repeat=&#8221;repeat&#8221; text_orientation=&#8221;center&#8221; max_width=&#8221;700px&#8221; module_alignment=&#8221;center&#8221; custom_margin=&#8221;|||&#8221; animation_style=&#8221;slide&#8221; animation_direction=&#8221;bottom&#8221; animation_delay=&#8221;100ms&#8221; animation_intensity_slide=&#8221;4%&#8221;]Cairdeas na bhFidl\u00e9ir\u00ed wishes to express our sincerest thanks to the Doherty family for its support for this project. We wish to acknowledge kind assistance of Jackie Small, Terry Moylan and Pete Clarke in assisting with the identification of the tune titles for a number of the less well-known tunes played by Jim. Likewise, we are grateful to Patrick McBride of Mulroy Bay Music for sharing a number of tracks of Jim Doherty\u2019s playing with us.[\/et_pb_text][et_pb_text admin_label=&#8221;Subtitle&#8221; _builder_version=&#8221;4.6.1&#8243; text_font=&#8221;Montserrat||||&#8221; text_text_color=&#8221;#353740&#8243; text_font_size=&#8221;16px&#8221; text_line_height=&#8221;1.8em&#8221; header_font=&#8221;||||||||&#8221; background_size=&#8221;initial&#8221; background_position=&#8221;top_left&#8221; background_repeat=&#8221;repeat&#8221; text_orientation=&#8221;center&#8221; max_width=&#8221;700px&#8221; module_alignment=&#8221;center&#8221; custom_margin=&#8221;|||&#8221; animation_style=&#8221;slide&#8221; animation_direction=&#8221;bottom&#8221; animation_delay=&#8221;100ms&#8221; animation_intensity_slide=&#8221;4%&#8221;]<strong>This project has been funded and made possible through Cairdeas na bhFidl\u00e9ir\u00ed\u2019s Annual Strategic Grant from the Arts Council.<\/strong>[\/et_pb_text][et_pb_image src=&#8221;https:\/\/donegalfiddlemusic.ie\/donegalfiddlers\/wp-content\/uploads\/2020\/09\/AC_FUND_TradArts.png&#8221; alt=&#8221;Arts Council Traditional Arts Fund&#8221; title_text=&#8221;Arts Council Traditional Arts Fund&#8221; url=&#8221;http:\/\/www.artscouncil.ie\/home\/&#8221; url_new_window=&#8221;on&#8221; _builder_version=&#8221;4.6.1&#8243; _module_preset=&#8221;default&#8221; width=&#8221;31%&#8221; max_width=&#8221;27%&#8221; module_alignment=&#8221;center&#8221;][\/et_pb_image][\/et_pb_column][\/et_pb_row][\/et_pb_section]<\/p>\n","protected":false},"excerpt":{"rendered":"<p>[et_pb_section fb_built=&#8221;1&#8243; admin_label=&#8221;Feature Section 01&#8243; _builder_version=&#8221;4.6.1&#8243; background_enable_color=&#8221;off&#8221; custom_margin=&#8221;-60px||||false|false&#8221; custom_padding=&#8221;0px||0px|&#8221; box_shadow_style=&#8221;preset7&#8243; box_shadow_horizontal=&#8221;0px&#8221; box_shadow_vertical=&#8221;100px&#8221; box_shadow_color=&#8221;#ffffff&#8221; global_module=&#8221;397&#8243;][et_pb_row column_structure=&#8221;1_2,1_2&#8243; use_custom_gutter=&#8221;on&#8221; gutter_width=&#8221;1&#8243; admin_label=&#8221;Feature Area&#8221; module_class=&#8221; et_pb_row_fullwidth&#8221; _builder_version=&#8221;4.6.1&#8243; background_color=&#8221;#8f8f8f&#8221; width=&#8221;100%&#8221; width_tablet=&#8221;100%&#8221; width_phone=&#8221;&#8221; width_last_edited=&#8221;on|desktop&#8221; max_width=&#8221;100%&#8221; max_width_tablet=&#8221;100%&#8221; max_width_phone=&#8221;&#8221; max_width_last_edited=&#8221;on|desktop&#8221; custom_margin=&#8221;|||&#8221; custom_padding=&#8221;0px||0px|||&#8221; make_fullwidth=&#8221;on&#8221;][et_pb_column type=&#8221;1_2&#8243; _builder_version=&#8221;4.6.1&#8243; custom_padding=&#8221;200px|6%||6%|false|false&#8221; custom_padding__hover=&#8221;|||&#8221;][et_pb_text content_tablet=&#8221; Jim Doherty (1939 \u2013 2012) &#8221; content_phone=&#8221; Jim Doherty (1939 \u2013 2012) &#8221; content_last_edited=&#8221;on|phone&#8221; admin_label=&#8221;Title&#8221; _builder_version=&#8221;4.6.1&#8243; [&hellip;]<\/p>\n","protected":false},"author":1,"featured_media":0,"parent":0,"menu_order":0,"comment_status":"closed","ping_status":"closed","template":"","meta":{"_et_pb_use_builder":"on","_et_pb_old_content":"","_et_gb_content_width":""},"_links":{"self":[{"href":"https:\/\/donegalfiddlemusic.ie\/donegalfiddlers\/wp-json\/wp\/v2\/pages\/337"}],"collection":[{"href":"https:\/\/donegalfiddlemusic.ie\/donegalfiddlers\/wp-json\/wp\/v2\/pages"}],"about":[{"href":"https:\/\/donegalfiddlemusic.ie\/donegalfiddlers\/wp-json\/wp\/v2\/types\/page"}],"author":[{"embeddable":true,"href":"https:\/\/donegalfiddlemusic.ie\/donegalfiddlers\/wp-json\/wp\/v2\/users\/1"}],"replies":[{"embeddable":true,"href":"https:\/\/donegalfiddlemusic.ie\/donegalfiddlers\/wp-json\/wp\/v2\/comments?post=337"}],"version-history":[{"count":17,"href":"https:\/\/donegalfiddlemusic.ie\/donegalfiddlers\/wp-json\/wp\/v2\/pages\/337\/revisions"}],"predecessor-version":[{"id":601,"href":"https:\/\/donegalfiddlemusic.ie\/donegalfiddlers\/wp-json\/wp\/v2\/pages\/337\/revisions\/601"}],"wp:attachment":[{"href":"https:\/\/donegalfiddlemusic.ie\/donegalfiddlers\/wp-json\/wp\/v2\/media?parent=337"}],"curies":[{"name":"wp","href":"https:\/\/api.w.org\/{rel}","templated":true}]}}